mmon divisor of 160 and 670?
10
Calculate the highest common divisor of 3252 and 12.
12
Calculate the greatest common divisor of 83 and 5.
1
What is the greatest common divisor of 344 and 43?
43
What is the greatest common divisor of 280 and 35?
35
What is the highest common divisor of 5969 and 381?
127
What is the greatest common divisor of 429 and 99?
33
Calculate the greatest common divisor of 197 and 6304.
197
Calculate the highest common divisor of 396 and 36.
36
Calculate the highest common factor of 441 and 603.
9
Calculate the highest common factor of 6432 and 192.
96
What is the greatest common divisor of 13352 and 24?
8
Calculate the highest common divisor of 494 and 1786.
38
What is the greatest common factor of 25 and 5?
5
What is the greatest common divisor of 162 and 6?
6
What is the highest common divisor of 90 and 3870?
90
Calculate the highest common factor of 270 and 60.
30
What is the highest common factor of 2183 and 59?
59
What is the highest common factor of 988 and 247?
247
What is the greatest common factor of 3 and 249?
3
Calculate the greatest common factor of 16 and 64.
16
What is the greatest common divisor of 3333 and 101?
101
Calculate the highest common divisor of 3038 and 490.
98
Calculate the greatest common divisor of 671 and 176.
11
Calculate the greatest common factor of 20 and 50.
10
Calculate the highest common divisor of 1656 and 1449.
207
Calculate the highest common factor of 100433 and 67.
67
Calculate the highest common factor of 23138 and 138.
46
Calculate the highest common divisor of 36 and 25536.
12
What is the greatest common factor of 7976 and 8?
8
Calculate the greatest common divisor of 712 and 2314.
178
What is the greatest common divisor of 34788 and 312?
156
What is the highest common divisor of 24 and 321?
3
Calculate the greatest common divisor of 7380 and 180.
180
What is the greatest common divisor of 5100 and 4?
4
Calculate the highest common factor of 82 and 123.
41
Calculate the greatest common factor of 7890 and 30.
30
What is the greatest common divisor of 48 and 1104?
48
What is the highest common factor of 55 and 429?
11
Calculate the highest common factor of 24 and 2364.
12
What is the highest common divisor of 182 and 1806?
14
Calculate the greatest common divisor of 285 and 57.
57
What is the greatest common divisor of 4578 and 378?
42
Calculate the highest common divisor of 104 and 3120.
104
What is the greatest common factor of 315 and 385?
35
Calculate the greatest common factor of 60 and 54.
6
Calculate the highest common divisor of 1175 and 47.
47
Calculate the greatest common factor of 1146 and 24.
6
What is the highest common factor of 9611 and 7?
7
What is the highest common factor of 14760 and 160?
40
Calculate the highest common factor of 648 and 72.
72
Calculate the highest common factor of 16 and 124.
4
What is the highest common factor of 42800 and 160?
80
Calculate the highest common factor of 115 and 253.
23
Calculate the highest common factor of 969 and 247.
19
What is the highest common divisor of 4836 and 93?
93
Calculate the highest common divisor of 60 and 13005.
15
What is the highest common factor of 432 and 600?
24
What is the highest common divisor of 6 and 606?
6
What is the highest common divisor of 11 and 649?
11
What is the greatest common divisor of 36 and 8?
4
What is the greatest common divisor of 141 and 94?
47
What is the highest common factor of 54600 and 175?
175
What is the highest common factor of 420 and 300?
60
What is the greatest common factor of 852 and 6?
6
What is the greatest common factor of 30 and 3930?
30
What is the greatest common divisor of 136 and 34?
34
What is the highest common divisor of 231 and 609?
21
What is the greatest common factor of 324 and 36?
36
What is the greatest common factor of 208 and 39?
13
Calculate the greatest common factor of 6 and 318.
6
What is the highest common divisor of 222 and 3663?
111
What is the greatest common divisor of 9 and 3501?
9
Calculate the greatest common factor of 42 and 35.
7
Calculate the highest common factor of 240 and 1140.
60
What is the highest common factor of 3784 and 55?
11
What is the greatest common divisor of 228 and 108?
12
What is the highest common factor of 30 and 35790?
30
Calculate the highest common factor of 8 and 44.
4
Calculate the greatest common divisor of 1560 and 192.
24
Calculate the highest common factor of 40 and 40.
40
Calculate the highest common factor of 13454 and 14.
14
Calculate the greatest common divisor of 119 and 2324.
7
Calculate the highest common divisor of 60 and 70860.
60
Calculate the greatest common factor of 144 and 3488.
16
What is the greatest common factor of 1 and 4?
1
Calculate the greatest common factor of 5696 and 178.
178
What is the greatest common divisor of 6414 and 18?
6
What is the highest common divisor of 39 and 7241?
13
Calculate the highest common factor of 1377 and 34.
17
What is the highest common factor of 2247 and 84?
21
Calculate the greatest common divisor of 286 and 88.
22
Calculate the greatest common factor of 571 and 4.
1
What is the highest common factor of 100 and 6425?
25
What is the greatest common factor of 65 and 5785?
65
Calculate the highest common factor of 250 and 380.
10
Calculate the greatest common divisor of 10 and 9860.
10
What is the highest common factor of 3718 and 39?
13
Calculate the greatest common divisor of 10 and 10.
10
Calculate the highest common divisor of 24 and 40.
8
Calculate the greatest common divisor of 2641 and 417.
139
Calculate the greatest common factor of 4097 and 964.
241
What is the greatest common divisor of 495 and 66?
33
Calculate the greatest common divisor of 51 and 663.
51
Calculate the greatest common divisor of 623 and 89.
89
Calculate the highest common divisor of 144 and 744.
24
What is the greatest common divisor of 48 and 17472?
48
Calculate the greatest common factor of 688 and 43.
43
What is the highest common divisor of 26 and 689?
13
What is the highest common divisor of 70 and 190?
10
Calculate the highest common divisor of 3245 and 590.
295
What is the highest common factor of 6188 and 28?
28
Calculate the greatest common factor of 1736 and 24.
8
What is the greatest common divisor of 280 and 10?
10
Calculate the highest common divisor of 7413 and 147.
21
Calculate the highest common divisor of 61 and 48007.
61
Calculate the greatest common divisor of 20520 and 10.
10
What is the greatest common factor of 1326 and 90?
6
What is the highest common factor of 6 and 240?
6
Calculate the highest common factor of 4 and 964.
4
Calculate the greatest common divisor of 276 and 28.
4
Calculate the highest common factor of 4032 and 630.
126
Calculate the greatest common divisor of 2 and 118.
2
What is the highest common divisor of 368 and 576?
16
Calculate the highest common factor of 637 and 91.
91
Calculate the greatest common factor of 4991 and 248.
31
Calculate the greatest common divisor of 80 and 40.
40
What is the greatest common divisor of 32 and 8408?
8
What is the highest common divisor of 81 and 8181?
81
Calculate the highest common divisor of 20383 and 34.
17
What is the highest common divisor of 301 and 7?
7
Calculate the highest common divisor of 276 and 24702.
138
Calculate the highest common divisor of 180 and 324.
36
What is the highest common divisor of 448 and 574?
14
What is the highest common divisor of 7 and 1981?
7
Calculate the greatest common divisor of 37600 and 160.
160
Calculate the greatest common divisor of 37 and 1147.
37
What is the highest common divisor of 132 and 990?
66
What is the greatest common divisor of 12 and 138?
6
Calculate the greatest common divisor of 2338 and 28.
14
What is the greatest common factor of 48 and 3?
3
What is the highest common factor of 15184 and 32?
16
What is the greatest common factor of 24 and 96?
24
What is the highest common factor of 3151 and 23?
23
Calculate the greatest common factor of 3960 and 693.
99
What is the highest common divisor of 150 and 615?
15
Calculate the highest common divisor of 686 and 196.
98
What is the highest common factor of 1 and 382?
1
What is the greatest common factor of 336 and 1?
1
Calculate the greatest common factor of 111 and 2479.
37
Calculate the great